est common factor of 3731208 and 1248?
312
What is the greatest common factor of 81 and 19780227?
27
Calculate the highest common factor of 64242 and 2293534.
86
Calculate the greatest common divisor of 15500209 and 17.
17
What is the highest common divisor of 2911 and 52954001?
2911
Calculate the highest common factor of 979 and 1269496.
89
What is the highest common divisor of 2249331 and 378?
21
What is the highest common divisor of 729 and 15685245?
81
Calculate the highest common divisor of 61 and 91477.
1
Calculate the greatest common factor of 93784 and 8351712.
4936
Calculate the highest common factor of 149554 and 5328.
74
Calculate the highest common factor of 800 and 2588200.
200
Calculate the greatest common divisor of 56993952 and 4824.
1608
Calculate the highest common factor of 262 and 1861379.
131
What is the greatest common divisor of 613565850 and 4326?
618
Calculate the greatest common divisor of 146835 and 4451485.
1255
What is the greatest common factor of 814710 and 2340?
390
Calculate the highest common divisor of 177294200 and 200.
200
Calculate the highest common factor of 54779321 and 85.
17
What is the highest common factor of 16148 and 133474?
22
What is the highest common factor of 133 and 102103568?
133
Calculate the highest common divisor of 9477 and 305604.
117
What is the greatest common factor of 12109025 and 170?
5
Calculate the highest common factor of 46613792 and 36656.
1264
Calculate the greatest common divisor of 991438 and 12604.
46
Calculate the greatest common factor of 2 and 37038142.
2
What is the greatest common divisor of 8356809 and 204?
51
Calculate the greatest common factor of 27 and 1366092.
27
Calculate the greatest common factor of 1308 and 706322616.
1308
What is the highest common factor of 122783 and 1217341?
617
What is the greatest common divisor of 933858 and 87?
87
What is the highest common factor of 2376 and 3741552?
216
Calculate the highest common factor of 5380 and 129100.
20
Calculate the greatest common divisor of 1764 and 45637620.
588
What is the highest common factor of 722627 and 20805?
1387
Calculate the greatest common divisor of 484599 and 1572717.
2973
What is the highest common factor of 3896910 and 8670?
510
Calculate the greatest common divisor of 5629 and 1951531.
433
Calculate the greatest common divisor of 5661 and 1363689.
153
Calculate the greatest common divisor of 828512 and 340.
68
What is the highest common factor of 47423688 and 2?
2
What is the highest common factor of 5143390 and 42?
14
Calculate the highest common divisor of 52420654 and 416.
26
Calculate the greatest common factor of 2438144 and 144.
16
What is the highest common factor of 35559 and 11827053?
81
What is the greatest common factor of 1738 and 869298067?
869
What is the greatest common divisor of 383323 and 44589?
89
Calculate the highest common divisor of 7574655 and 177045.
4785
What is the greatest common factor of 169678875 and 57925?
8275
Calculate the highest common divisor of 92894690 and 70.
70
What is the greatest common factor of 139265 and 50432095?
6055
Calculate the highest common factor of 1415976 and 16728.
984
What is the greatest common factor of 37 and 74338994?
37
What is the greatest common divisor of 10 and 487323350?
10
Calculate the highest common divisor of 208227621 and 4137.
4137
Calculate the highest common divisor of 2720850 and 16665.
165
What is the highest common factor of 39 and 486873231?
39
What is the greatest common factor of 196219 and 986353?
239
What is the greatest common divisor of 80 and 224686840?
40
Calculate the greatest common divisor of 23834 and 2017594.
34
What is the greatest common factor of 41 and 46663781?
41
Calculate the highest common divisor of 4290056 and 24.
8
What is the greatest common factor of 35348226 and 6?
6
Calculate the greatest common factor of 118446069 and 37653.
3423
What is the greatest common factor of 18001 and 12689556?
383
What is the highest common factor of 3726122 and 1118?
86
Calculate the highest common divisor of 45 and 3151917.
9
What is the highest common factor of 260 and 25497485?
65
Calculate the greatest common factor of 79936 and 643552.
32
Calculate the highest common factor of 128011 and 101179.
559
What is the highest common divisor of 2691459 and 4947?
291
What is the greatest common divisor of 8108894 and 3632?
454
Calculate the greatest common divisor of 4558892 and 52.
52
What is the highest common factor of 13536704 and 2827?
257
Calculate the greatest common factor of 3 and 334995909.
3
What is the highest common factor of 3486848 and 384?
128
What is the greatest common factor of 5 and 202439945?
5
Calculate the highest common divisor of 694572 and 1536.
12
Calculate the greatest common factor of 122720420 and 146368.
9148
What is the greatest common factor of 1020006 and 1809?
27
What is the greatest common factor of 13405895 and 1955?
115
Calculate the greatest common divisor of 41481535 and 483.
23
What is the greatest common divisor of 6363 and 39427875?
909
Calculate the highest common divisor of 132580 and 5180.
140
Calculate the greatest common factor of 5542 and 312960.
326
Calculate the highest common factor of 396 and 51769188.
36
Calculate the highest common factor of 594 and 589732.
22
Calculate the highest common factor of 120430010 and 50.
10
What is the highest common factor of 69616462 and 2516?
1258
Calculate the greatest common divisor of 7942 and 31482.
22
What is the greatest common divisor of 65443070 and 154?
154
Calculate the highest common divisor of 187663946 and 46.
46
Calculate the highest common divisor of 708084 and 56693.
1157
Calculate the greatest common divisor of 28441008 and 18.
18
Calculate the greatest common divisor of 1751 and 230073469.
103
Calculate the greatest common factor of 2981150 and 436.
218
Calculate the greatest common factor of 1137290 and 4158.
154
What is the highest common factor of 34 and 293432053?
17
What is the highest common factor of 138448 and 208000?
16
Calculate the greatest common factor of 199837 and 186089.
491
Calculate the highest common factor of 110 and 38675030.
10
Calculate the highest common factor of 29 and 1757883343.
29
Calculate the greatest common factor of 68 and 4203539.
17
Calculate the highest common factor of 409 and 24877.
1
What is the greatest common factor of 6100 and 26117700?
100
What is the greatest common divisor of 968 and 24629?
11
What is the highest common divisor of 145203542 and 66?
22
What is the highest common divisor of 319983185 and 3370?
1685
Calculate the highest common divisor of 487814 and 21392.
382
Calculate the greatest common factor of 304 and 1242011.
19
Calculate the greatest common factor of 33429371 and 515.
103
What is the greatest common divisor of 6390 and 60622995?
1065
What is the highest common factor of 58705 and 61065?
295
What is the highest common divisor of 8367 and 260166287?
2789
What is the highest common divisor of 4235 and 752462095?
4235
Calculate the greatest common factor of 38563546 and 28994.
1526
What is the highest common factor of 28066539 and 12984?
1623
Calculate the greatest common factor of 95709 and 78973.
523
What is the highest common factor of 1052491911 and 321?
321
Calculate the greatest common factor of 629264 and 13534.
134
Calculate the highest common divisor of 125 and 25288825.
25
What is the greatest common factor of 238296 and 1800?
24
What is the highest common factor of 38720661 and 138?
69
Calculate the greatest common divisor of 227262468 and 6288.
1572
Calculate the highest common factor of 114108 and 888192.
3084
Calculate the greatest common factor of 56 and 23761888.
8
Calculate the highest common divisor of 6435722 and 46.
46
Calculate the highest common factor of 217 and 45619259.
217
What is the highest common divisor of 163163 and 170335?
1793
What is the highest common factor of 218 and 93265087?
109
Calculate the highest common factor of 418719 and 4939284.
2667
What is the greatest common divisor of 42 and 29152767?
21
Calculate the highest common divisor of 14992043 and 319.
319
What is the greatest common divisor of 40843 and 396?
11
What is the greatest common factor of 4053951 and 891?
99
Calculate the greatest co